{"id":7489,"date":"2025-03-08T22:40:06","date_gmt":"2025-03-08T21:40:06","guid":{"rendered":"https:\/\/institutosipue.com\/?post_type=product&#038;p=7489"},"modified":"2025-03-08T22:51:08","modified_gmt":"2025-03-08T21:51:08","slug":"diplomado-teologia-biblica","status":"publish","type":"product","link":"https:\/\/institutosipue.com\/?product=diplomado-teologia-biblica","title":{"rendered":"Diplomado en Teolog\u00eda B\u00edblica"},"content":{"rendered":"<p class=\"p1\">El <span class=\"s1\"><b>Diplomado en Teolog\u00eda B\u00edblica<\/b><\/span> est\u00e1 dise\u00f1ado para aquellos que desean una formaci\u00f3n teol\u00f3gica profunda y aplicada al ministerio.<\/p>\n<p class=\"p1\">Con <span class=\"s1\"><b>31 asignaturas<\/b><\/span>, el programa abarca desde el Antiguo y Nuevo Testamento hasta liderazgo, evangelismo y teolog\u00eda pr\u00e1ctica.<\/p>\n<p class=\"p1\">Este nivel prepara a ministros y l\u00edderes con herramientas s\u00f3lidas para la ense\u00f1anza, la predicaci\u00f3n y el desarrollo eclesi\u00e1stico.<\/p>\n","protected":false},"excerpt":{"rendered":"<p class=\"p1\">Un programa integral con <span class=\"s1\"><b>31 materias<\/b><\/span>, dise\u00f1ado para el crecimiento en el liderazgo y la ense\u00f1anza b\u00edblica.<br \/>\n<span class=\"s1\"><b>9 cuotas de 85\u20ac,<\/b><\/span>\u00a0con un <span class=\"s1\"><b>coste total de<\/b><\/span> 765\u20ac.<span class=\"s1\"><b>\u00a0<\/b><\/span><\/p>\n","protected":false},"featured_media":7507,"template":"","meta":[],"product_brand":[],"product_cat":[66],"product_tag":[],"class_list":{"0":"post-7489","1":"product","2":"type-product","3":"status-publish","4":"has-post-thumbnail","6":"product_cat-diplomado","8":"first","9":"instock","10":"shipping-taxable","11":"purchasable","12":"product-type-variable"},"_links":{"self":[{"href":"https:\/\/institutosipue.com\/index.php?rest_route=\/wp\/v2\/product\/7489","targetHints":{"allow":["GET"]}}],"collection":[{"href":"https:\/\/institutosipue.com\/index.php?rest_route=\/wp\/v2\/product"}],"about":[{"href":"https:\/\/institutosipue.com\/index.php?rest_route=\/wp\/v2\/types\/product"}],"wp:featuredmedia":[{"embeddable":true,"href":"https:\/\/institutosipue.com\/index.php?rest_route=\/wp\/v2\/media\/7507"}],"wp:attachment":[{"href":"https:\/\/institutosipue.com\/index.php?rest_route=%2Fwp%2Fv2%2Fmedia&parent=7489"}],"wp:term":[{"taxonomy":"product_brand","embeddable":true,"href":"https:\/\/institutosipue.com\/index.php?rest_route=%2Fwp%2Fv2%2Fproduct_brand&post=7489"},{"taxonomy":"product_cat","embeddable":true,"href":"https:\/\/institutosipue.com\/index.php?rest_route=%2Fwp%2Fv2%2Fproduct_cat&post=7489"},{"taxonomy":"product_tag","embeddable":true,"href":"https:\/\/institutosipue.com\/index.php?rest_route=%2Fwp%2Fv2%2Fproduct_tag&post=7489"}],"curies":[{"name":"wp","href":"https:\/\/api.w.org\/{rel}","templated":true}]}}